inder when 371 is divided by 122.
5
What is the remainder when 1130 is divided by 87?
86
Calculate the remainder when 323 is divided by 62.
13
What is the remainder when 313 is divided by 88?
49
What is the remainder when 186 is divided by 149?
37
Calculate the remainder when 33530 is divided by 202.
200
What is the remainder when 185 is divided by 93?
92
What is the remainder when 1446 is divided by 16?
6
Calculate the remainder when 324 is divided by 82.
78
What is the remainder when 2247 is divided by 9?
6
Calculate the remainder when 65 is divided by 11.
10
Calculate the remainder when 118 is divided by 32.
22
Calculate the remainder when 4753 is divided by 106.
89
Calculate the remainder when 318 is divided by 56.
38
What is the remainder when 856 is divided by 42?
16
What is the remainder when 538 is divided by 11?
10
Calculate the remainder when 30245 is divided by 38.
35
Calculate the remainder when 691 is divided by 231.
229
What is the remainder when 378 is divided by 85?
38
Calculate the remainder when 1141 is divided by 380.
1
Calculate the remainder when 2108 is divided by 302.
296
Calculate the remainder when 1138 is divided by 114.
112
Calculate the remainder when 147 is divided by 133.
14
What is the remainder when 980 is divided by 82?
78
Calculate the remainder when 2491 is divided by 79.
42
Calculate the remainder when 346 is divided by 22.
16
What is the remainder when 72 is divided by 23?
3
What is the remainder when 388 is divided by 188?
12
Calculate the remainder when 742 is divided by 8.
6
What is the remainder when 2822 is divided by 38?
10
Calculate the remainder when 86 is divided by 43.
0
Calculate the remainder when 132 is divided by 44.
0
What is the remainder when 556 is divided by 82?
64
What is the remainder when 1990 is divided by 246?
22
Calculate the remainder when 136 is divided by 34.
0
Calculate the remainder when 1037 is divided by 345.
2
Calculate the remainder when 234 is divided by 78.
0
Calculate the remainder when 18 is divided by 1.
0
What is the remainder when 22 is divided by 19?
3
Calculate the remainder when 1101 is divided by 69.
66
Calculate the remainder when 271 is divided by 17.
16
What is the remainder when 1999 is divided by 14?
11
Calculate the remainder when 208 is divided by 39.
13
Calculate the remainder when 67 is divided by 14.
11
What is the remainder when 696 is divided by 40?
16
What is the remainder when 6508 is divided by 14?
12
What is the remainder when 283 is divided by 147?
136
What is the remainder when 127 is divided by 34?
25
What is the remainder when 1021 is divided by 73?
72
Calculate the remainder when 12589 is divided by 56.
45
Calculate the remainder when 1112 is divided by 22.
12
What is the remainder when 1088 is divided by 156?
152
What is the remainder when 131 is divided by 25?
6
Calculate the remainder when 1427 is divided by 11.
8
What is the remainder when 5033 is divided by 23?
19
What is the remainder when 258 is divided by 129?
0
What is the remainder when 16265 is divided by 29?
25
Calculate the remainder when 166 is divided by 13.
10
What is the remainder when 966 is divided by 25?
16
Calculate the remainder when 3084 is divided by 148.
124
Calculate the remainder when 9 is divided by 8.
1
Calculate the remainder when 940 is divided by 937.
3
What is the remainder when 1769 is divided by 77?
75
Calculate the remainder when 439 is divided by 27.
7
What is the remainder when 496 is divided by 100?
96
Calculate the remainder when 1471 is divided by 162.
13
What is the remainder when 376 is divided by 13?
12
Calculate the remainder when 632 is divided by 626.
6
Calculate the remainder when 110 is divided by 4.
2
Calculate the remainder when 100 is divided by 23.
8
Calculate the remainder when 6109 is divided by 130.
129
What is the remainder when 5628 is divided by 2813?
2
Calculate the remainder when 15577 is divided by 42.
37
What is the remainder when 71 is divided by 29?
13
What is the remainder when 217 is divided by 62?
31
What is the remainder when 225 is divided by 79?
67
Calculate the remainder when 65 is divided by 17.
14
Calculate the remainder when 1025 is divided by 6.
5
Calculate the remainder when 177 is divided by 6.
3
Calculate the remainder when 503 is divided by 112.
55
What is the remainder when 89 is divided by 23?
20
Calculate the remainder when 87 is divided by 15.
12
Calculate the remainder when 273 is divided by 28.
21
What is the remainder when 168 is divided by 63?
42
Calculate the remainder when 402 is divided by 58.
54
What is the remainder when 2609 is divided by 109?
102
What is the remainder when 1228 is divided by 25?
3
What is the remainder when 5327 is divided by 43?
38
Calculate the remainder when 107 is divided by 84.
23
Calculate the remainder when 997 is divided by 256.
229
Calculate the remainder when 953 is divided by 416.
121
Calculate the remainder when 477 is divided by 83.
62
What is the remainder when 1652 is divided by 162?
32
What is the remainder when 1433 is divided by 103?
94
Calculate the remainder when 877 is divided by 55.
52
Calculate the remainder when 6072 is divided by 103.
98
What is the remainder when 2873 is divided by 137?
133
Calculate the remainder when 119 is divided by 5.
4
What is the remainder when 1159 is divided by 14?
11
Calculate the remainder when 146 is divided by 49.
48
What is the remainder when 260 is divided by 14?
8
What is the remainder when 186 is divided by 17?
16
Calculate the remainder when 3578 is divided by 91.
29
Calculate the remainder when 398 is divided by 40.
38
Calculate the remainder when 388 is divided by 218.
170
What is the remainder when 2187 is divided by 68?
11
What is the remainder when 75 is divided by 31?
13
Calculate the remainder when 4241 is divided by 7.
6
Calculate the remainder when 130 is divided by 51.
28
Calculate the remainder when 129 is divided by 91.
38
Calculate the remainder when 65 is divided by 55.
10
What is the remainder when 206 is divided by 8?
6
What is the remainder when 228 is divided by 158?
70
What is the remainder when 722 is divided by 359?
4
Calculate the remainder when 1054 is divided by 88.
86
What is the remainder when 502 is divided by 36?
34
Calculate the remainder when 5237 is divided by 169.
167
Calculate the remainder when 123 is divided by 35.
18
What is the remainder when 142 is divided by 48?
46
What is the remainder when 1365 is divided by 99?
78
Calculate the remainder when 3040 is divided by 40.
0
What is the remainder when 291 is divided by 21?
18
Calculate the remainder when 9671 is divided by 124.
123
What is the remainder when 596 is divided by 130?
76
Calculate the remainder when 2396 is divided by 60.
56
Calculate the remainder when 975 is divided by 26.
13
What is the remainder when 30118 is divided by 24?
22
Calculate the remainder when 832 is divided by 120.
112
Calculate the remainder when 311 is divided by 12.
11
Calculate the remainder when 806 is divided by 164.
150
What is the remainder when 599 is divided by 103?
84
What is the remainder when 106 is divided by 8?
2
Calculate the remainder when 12 is divided by 5.
2
Calculate the remainder when 375 is divided by 27.
24
What is the remainder when 249 is divided by 24?
9
Calculate the remainder when 19537 is divided by 20.
17
Calculate the remainder when 164 is divided by 44.
32
Calculate the remainder when 220 is divided by 75.
70
Calculate the remainder when 988 is divided by 203.
176
What is the remainder when 194 is divided by 20?
14
Calculate the remainder when 160 is divided by 108.
52
Calculate the remainder when 314 is divided by 23.
15
Calculate the remainder when 252 is divided by 76.
24
Calculate the remainder when 245 is divided by 42.
35
What is the remainder when 197 is divided by 25?
22
Calculate the remainder when 9989 is divided by 185.
184
What is the remainder when 327 is divided by 52?
15
What is the remainder when 3949 is divided by 493?
5
Calculate the remainder when 360 is divided by 6.
0
What is the remainder when 206 is divided by 31?
20
Calculate the remainder when 1626 is divided by 294.
156
What is the remainder when 361 is divided by 184?
177
What is the remainder when 388 is divided by 21?
10
Calculate the remainder